at is i(-407)?
8
Let f(v) = 5147*v - 46373. Determine f(9).
-50
Let y(o) = 1090*o**2 + 59956*o + 341. Give y(-55).
11
Let r(u) = 8*u**3 - 21*u**2 - 6973*u + 27851. Calculate r(4).
135
Let n(r) = -r**3 + 43*r**2 - 5*r - 666. Determine n(43).
-881
Let r(d) = 5*d**3 + 11*d**2 - 112*d - 555. Calculate r(-5).
-345
Let j(d) = -57*d**2 - 80*d - 404. Calculate j(-5).
-1429
Let r(z) = -5184*z - 264379. Determine r(-51).
5
Let u(l) = l**3 - 401*l**2 + 15137*l - 21199. Calculate u(359).
-18
Let r(z) = -1119*z**2 + 1361*z + 1. Calculate r(1).
243
Let r(l) = l**2 + 82734*l - 6956704. What is r(84)?
8
Let y(h) = -51*h**2 + 161. Calculate y(-6).
-1675
Let w(f) = f**3 + 20*f**2 + 5176*f + 87116. Calculate w(-17).
-9
Let k(x) = 28691*x - 1778851. Determine k(62).
-9
Let j(x) = -128*x**2 + 2809*x + 163. Calculate j(22).
9
Let t(s) = 2*s**3 - 211*s**2 + 132*s - 3358. Give t(105).
-523
Let g(l) = -l**3 + 1764*l**2 + 3534*l + 14. Calculate g(-2).
10
Let q(r) = -99*r - 17477. Calculate q(-176).
-53
Let q(s) = -25*s**3 + 61*s**2 + 139*s + 3. Determine q(4).
-65
Let l(p) = -13211*p - 5601453. Calculate l(-424).
11
Let h(z) = 27*z**2 - 16106*z + 48329. Give h(3).
254
Let d(l) = 34*l - 3337. Determine d(78).
-685
Let s(n) = 6*n**2 - 815*n + 24259. Give s(44).
15
Let x(p) = -2*p**2 - 410*p - 19414. Give x(-101).
1594
Let s(i) = -i**3 + 92*i**2 + 95*i - 8746. What is s(92)?
-6
Let s(n) = -417*n - 3807. What is s(-9)?
-54
Let m(o) = 71*o**2 - 586*o - 1180. Give m(-2).
276
Let j(b) = -3*b**3 + 44*b**2 + 211*b - 60. Give j(-4).
-8
Let t(r) = r**2 - 205*r + 9125. What is t(64)?
101
Let i(p) = p**3 - 483*p**2 - 1724*p + 129333. Give i(486).
57
Let x(u) = -2*u**3 - 13*u**2 - 104*u + 1010. Calculate x(5).
-85
Let d(w) = 496*w**2 - 707*w - 709. Give d(-1).
494
Let o(m) = 12*m**3 + 18*m**2 - 25*m + 5. Determine o(1).
10
Let x(r) = r**3 + 17*r**2 - 227*r - 427. Calculate x(10).
3
Let u(c) = -2*c**3 + 100*c**2 + 24431*c - 1201927. Determine u(49).
-6
Let t(m) = 1577*m - 1363. Give t(1).
214
Let h(s) = s**3 - 14*s**2 + 896*s + 4466. Calculate h(-5).
-489
Let j(n) = -n**3 - 6*n**2 - 4906*n - 34306. Give j(-7).
85
Let p(t) = -615*t**2 + 42424*t + 733. What is p(69)?
-26
Let w(d) = -18*d**2 - 30*d + 186. What is w(4)?
-222
Let f(x) = -x**3 - 348*x**2 - 353*x - 2063. Determine f(-347).
19
Let q(w) = -2*w**2 + 9445*w - 188202. What is q(20)?
-102
Let t(b) = 124*b + 10769. Determine t(-86).
105
Let m(j) = j**3 + 80*j**2 - 326*j + 813. What is m(-84)?
-27
Let i(y) = -y**3 - 21*y**2 - 10*y - 24. Calculate i(-11).
-1124
Let h(i) = -i**2 + 438*i - 1722. Calculate h(4).
14
Let f(v) = -10708*v + 385609. Calculate f(36).
121
Let u(h) = h**2 - 217*h - 98720. What is u(441)?
64
Let d(m) = -18*m**3 + 365*m**2 - 76*m - 45. Determine d(20).
435
Let r(a) = -8*a**2 - 273*a + 1332. What is r(5)?
-233
Let z(x) = x**2 - 262*x - 159239. What is z(551)?
0
Let q(s) = -47*s**2 + 5969*s - 5. Determine q(127).
-5
Let a(w) = w**2 - 102*w - 280. What is a(93)?
-1117
Let d(c) = c**3 - c**2 - 190*c - 630. Calculate d(-11).
8
Let c(i) = 12*i**3 - 21*i**2 - 54*i + 47. Determine c(-4).
-841
Let b(u) = 5*u**3 - 6*u**2 + 19*u - 71. Give b(4).
229
Let b(p) = -p**3 - 49*p**2 - 514*p + 446. What is b(-33)?
-16
Let j(p) = -443*p**3 + 1337*p**2 - 6*p + 39. What is j(3)?
93
Let h(c) = 2*c**3 - 29*c**2 + 96*c - 1002. Give h(13).
-261
Let k(x) = -1312*x**2 + 326*x + 326. What is k(-1)?
-1312
Let c(m) = m**3 - 1229*m**2 - 36497*m + 18861. What is c(1258)?
-9
Let z(w) = -2*w**3 - 48*w**2 + 500*w - 619. Determine z(-32).
-235
Let b(n) = 223198*n - 2231979. Determine b(10).
1
Let x(g) = 1126*g**2 + 2*g - 9. Calculate x(0).
-9
Let q(t) = -2*t**3 + 65*t**2 - 94*t - 13. What is q(31)?
-44
Let t(x) = 97*x**2 + 39574*x - 594. Determine t(-408).
222
Let b(l) = 135542*l - 135545. Give b(1).
-3
Let j(l) = -l**3 - 15*l**2 + 192*l + 792. Calculate j(-22).
-44
Let q(i) = -i**3 + 161*i**2 + 1926*i - 5430. Give q(172).
418
Let t(s) = 11281*s - 135388. What is t(12)?
-16
Let y(i) = 17951*i - 197455. Calculate y(11).
6
Let n(x) = -12*x**3 - 243*x**2 - 44*x - 94. Give n(-20).
-414
Let s(w) = 31*w**3 + 240*w**2 - 78*w - 291. Determine s(-8).
-179
Let t(o) = -14057*o + 42108. Give t(3).
-63
Let d(f) = -4*f**3 + 15*f**2 - 18*f + 17. Calculate d(-5).
982
Let h(f) = -4*f**2 + 1091*f + 48005. Calculate h(311).
422
Let n(b) = -2*b**3 - 11*b**2 - 6*b + 42. Give n(0).
42
Let t(s) = 15927*s + 79599. Calculate t(-5).
-36
Let y(m) = -98*m**3 + 5587*m**2 - 72*m + 735. Give y(57).
-120
Let r(p) = -3*p**3 - 103*p**2 - 4939*p - 166851. Calculate r(-34).
-81
Let f(b) = -47695*b + 190282. Determine f(4).
-498
Let y(f) = -62*f - 301. Give y(1).
-363
Let y(k) = -25*k**2 + 949*k - 970. What is y(35)?
1620
Let v(t) = -4*t**2 - 482*t - 4201. Determine v(-9).
-187
Let c(h) = 17018*h - 1021028. Give c(60).
52
Let a(t) = 42*t**2 - 1415*t + 180. Calculate a(33).
-777
Let x(y) = -y**3 + 229*y**2 + 931*y + 242. Determine x(233).
9
Let o(v) = 24*v**2 + 191*v - 48. Give o(-8).
-40
Let p(b) = 2186*b**2 + 2238*b + 2. What is p(-1)?
-50
Let j(b) = -12*b**2 - 1065*b + 68526. What is j(-132)?
18
Let k(p) = 109*p**2 + 185*p - 810. What is k(-4)?
194
Let g(i) = 34*i**3 - 8745*i**2 + 1802*i - 777. Determine g(257).
-6
Let y(z) = 202829*z - 1014089. Calculate y(5).
56
Let r(q) = 18291*q - 164554. What is r(9)?
65
Let c(a) = 4420*a - 212011. Give c(48).
149
Let f(r) = -6*r**2 - 129*r + 3904. What is f(17)?
-23
Let p(l) = -15*l**2 + 9*l - 144. Give p(4).
-348
Let x(h) = 399646*h - 50755033. Give x(127).
9
Let f(x) = -10997*x - 1660555. Give f(-151).
-8
Let q(v) = -223*v**2 - 16941*v + 587. Give q(-76).
55
Let v(x) = 10*x**2 - 4779*x + 23876. What is v(5)?
231
Let s(v) = -3*v**3 + 18*v**2 + 20*v - 8. What is s(12)?
-2360
Let v(w) = -4*w**2 - 201*w - 1222. Give v(-42).
164
Let s(y) = -41829*y - 250976. Give s(-6).
-2
Let h(c) = 1570*c + 48481. Determine h(-31).
-189
Let r(u) = -10193*u + 132112. Determine r(13).
-397
Let p(y) = 69*y + 89. Calculate p(1).
158
Let j(t) = -3*t**3 + 769*t**2 + 1295*t - 1557. Determine j(258).
-267
Let a(u) = 15*u**3 - 500*u**2 - 1441*u + 45. Give a(36).
9
Let o(u) = 2*u**2 - 162*u - 4334. What is o(-27)?
1498
Let n(k) = -25560*k + 715714. What is n(28)?
34
Let a(k) = -26522*k - 185618. Give a(-7).
36
Let r(n) = -n**2 + 277*n + 100. Determine r(0).
100
Let m(l) = -269*l**3 + 14*l**2 - 16*l + 3. Calculate m(1).
-268
Let p(g) = 2*g**2 - 24*g - 23. What is p(22)?
417
Let p(g) = 12*g**2 - 7446*g + 112529. Determine p(605).
-1
Let b(z) = 15986*z - 1055237. Calculate b(66).
-161
Let s(k) = -123*k + 30737. What is s(224)?
3185
Let s(i) = -i**3 + 68*i**2 + 16*i - 928. Determine s(68).
160
Let c(g) = 2*g**3 + 50*g**2 + 62*g + 308. Give c(-22).
1848
Let u(r) = r**3 + 212*r**2 + 1240*r + 853. Calculate u(-206).
29
Let f(p) = -4*p**2 - 465*p - 10178. Determine f(-87).
1
Let u(x) = 572*x - 5038. Determine u(9).
110
Let p(w) = -188781*w - 377547. Determine p(-2).
15
Let i(k) = 35*k**3 + 596*k**2 + 23*k + 107. Calculate i(-17).
5
Let y(p) = -p**3 - 244*p**2 - 2802*p - 4181. Determine y(-232).
-5
Let l(a) = -21*a**3 + 103*a**2 + 9*a + 86. Determine l(6).
-688
Let j(l) = 2250*l + 206895. Determine j(-92).
-105
Let m(b) = -162537*b - 2763135. Calculate m(-17).
-6
Let k(p) = p**2 + 618*p + 36373. Calculate k(-66).
-59
Let d(j) = j**3 - 54*j**2 - 19719*j + 1081538. What is d(55)?
18
Let l(u) = -9264726*u - 46323635. Give l(-5).
-5
Let q(y) = 30*y**3 - 7*y**2 - 10*y + 18. What is q(1)?
31
Let k(p) = -p**3 - 64*p**2 - 90*p - 2775. Calculate k(-63).
-1074
Let s(n) = 93*n + 3162. What is s(-34)?
0
Let x(a) = -7*a**2 + 224*a + 664. What is x(35)?
-71
Let k(s) = -277*s - 13134. Calculate k(-47).
-115
Let y(v) = -v**3 - 63*v**2 + 37*v - 1841. Give y(-64).
-113
Let n(l) = -52422*l - 419381. Determine n(-8).
-5
Let g(a) = -7189*a + 108555. Calculate g(15).
720
Let d(i) = -4*i**3 + 97*i**2 + 55*i + 25. Calculate d(0).
25
Let y(g) = 2*g**3 + 533*g**2 + 8249*g - 251. What is y(-250)?
-1
Let d(w) = w**2 - 341*w + 18963. Give d(271).
-7
Let m(h) = -2*h**3 + 162*h**2 + 1750*h + 462. Determine m(-10).
1162
Let x(z) = z**3 - 24*z**2 - 2775*z + 66792. Calculate x(24).
192
Let q(k) = k**3 - 226*k**2 - 106257*k + 348. Calculate q(458).
-110
Let j(v) = v**3 + 33*v**2 - 67*v - 21. Give j(-35).
-126